506815908?
0
What is the units digit of 433495846?
6
What is the millions digit of 1375729891?
5
What is the hundred millions digit of 4105580814?
1
What is the ten thousands digit of 4774549196?
4
What is the hundreds digit of 387075870?
8
What is the hundreds digit of 546521941?
9
What is the units digit of 2467893796?
6
What is the tens digit of 1013947467?
6
What is the units digit of 1576521145?
5
What is the millions digit of 2984159?
2
What is the hundreds digit of 369963248?
2
What is the hundred thousands digit of 96278923?
2
What is the hundred millions digit of 8896497541?
8
What is the ten millions digit of 63005714?
6
What is the ten thousands digit of 475321148?
2
What is the ten thousands digit of 53088565?
8
What is the thousands digit of 70840979?
0
What is the millions digit of 5599558170?
9
What is the tens digit of 12647232?
3
What is the hundred millions digit of 698534058?
6
What is the units digit of 148222848?
8
What is the ten thousands digit of 1734078466?
7
What is the hundred millions digit of 453683697?
4
What is the millions digit of 101371988?
1
What is the thousands digit of 971298806?
8
What is the tens digit of 1303879807?
0
What is the hundred thousands digit of 281115469?
1
What is the hundreds digit of 4583818470?
4
What is the hundred thousands digit of 250996602?
9
What is the hundred millions digit of 222865172?
2
What is the ten thousands digit of 81172397?
7
What is the millions digit of 5611143004?
1
What is the tens digit of 1258136238?
3
What is the millions digit of 98583035?
8
What is the hundred millions digit of 556675144?
5
What is the units digit of 65278231?
1
What is the thousands digit of 287655923?
5
What is the millions digit of 442161256?
2
What is the hundreds digit of 112961118?
1
What is the millions digit of 190178739?
0
What is the thousands digit of 1338931038?
1
What is the millions digit of 1739249346?
9
What is the units digit of 397631944?
4
What is the hundreds digit of 46251289?
2
What is the ten thousands digit of 1516869440?
6
What is the ten millions digit of 187646347?
8
What is the millions digit of 2188239069?
8
What is the billions digit of 7383489926?
7
What is the millions digit of 467632028?
7
What is the tens digit of 2478604831?
3
What is the hundred thousands digit of 77420763?
4
What is the hundreds digit of 42486880?
8
What is the thousands digit of 257949377?
9
What is the hundred thousands digit of 39304582?
3
What is the units digit of 14477490?
0
What is the hundreds digit of 524932639?
6
What is the hundred millions digit of 647784427?
6
What is the ten millions digit of 33306242?
3
What is the billions digit of 2266292073?
2
What is the thousands digit of 10678298?
8
What is the hundred thousands digit of 72810401?
8
What is the billions digit of 1354584996?
1
What is the hundreds digit of 1080872792?
7
What is the hundred thousands digit of 97406101?
4
What is the tens digit of 86173051?
5
What is the hundred millions digit of 3665068053?
6
What is the ten thousands digit of 1358694118?
9
What is the ten millions digit of 73059063?
7
What is the millions digit of 970639154?
0
What is the hundred thousands digit of 49654410?
6
What is the thousands digit of 4231841414?
1
What is the hundred thousands digit of 53288102?
2
What is the ten thousands digit of 37815854?
1
What is the thousands digit of 289769681?
9
What is the hundreds digit of 424069130?
1
What is the tens digit of 16036931?
3
What is the ten thousands digit of 266385306?
8
What is the ten thousands digit of 10520667?
2
What is the hundred thousands digit of 18959296?
9
What is the billions digit of 1301855309?
1
What is the tens digit of 2778522487?
8
What is the ten millions digit of 651132684?
5
What is the units digit of 1239076546?
6
What is the millions digit of 310559790?
0
What is the units digit of 1536513717?
7
What is the hundred thousands digit of 1815156850?
1
What is the units digit of 705061190?
0
What is the tens digit of 103478820?
2
What is the millions digit of 1651800301?
1
What is the millions digit of 2229731152?
9
What is the ten millions digit of 2644192623?
4
What is the hundreds digit of 51869028?
0
What is the units digit of 17248821?
1
What is the millions digit of 407761299?
7
What is the hundred thousands digit of 34166166?
1
What is the ten thousands digit of 60742095?
4
What is the tens digit of 3019622651?
5
What is the hundreds digit of 4700313443?
4
What is the units digit of 2613324727?
7
What is the ten thousands digit of 7364111?
6
What is the units digit of 7358823?
3
What is the hundred millions digit of 1745398316?
7
What is the tens digit of 163516645?
4
What is the hundred millions digit of 263677453?
2
What is the billions digit of 3160047097?
3
What is the tens digit of 1120745236?
3
What is the ten thousands digit of 456383710?
8
What is the ten thousands digit of 5620985933?
8
What is the hundreds digit of 273911983?
9
What is the tens digit of 358075519?
1
What is the hundreds digit of 86880274?
2
What is the hundreds digit of 350651353?
3
What is the ten millions digit of 357528239?
5
What is the ten millions digit of 59469637?
5
What is the tens digit of 5147559403?
0
What is the thousands digit of 124064067?
4
What is the ten millions digit of 497143683?
9
What is the millions digit of 1206885872?
6
What is the ten thousands digit of 29798846?
9
What is the units digit of 708457293?
3
What is the ten thousands digit of 22276528?
7
What is the millions digit of 1458491514?
8
What is the hundreds digit of 98951161?
1
What is the hundreds digit of 35394544?
5
What is the millions digit of 411306641?
1
What is the ten millions digit of 284706615?
8
What is the ten thousands digit of 2103728706?
2
What is the units digit of 1052970722?
2
What is the hundred millions digit of 2461492707?
4
What is the hundreds digit of 309556567?
5
What is the thousands digit of 47915445?
5
What is the hundreds digit of 7889898?
8
What is the hundreds digit of 440199641?
6
What is the hundred thousands digit of 66420049?
4
What is the thousands digit of 95778717?
8
What is the ten millions digit of 970242310?
7
What is the ten thousands digit of 695311269?
1
What is the units digit of 50978493?
3
What is the tens digit of 39256480?
8
What is the hundred millions digit of 8014011858?
0
What is the tens digit of 4789671?
7
What is the units digit of 1672032?
2
What is the hundred millions digit of 2333238627?
3
What is the millions digit of 5764164410?
4
What is the hundreds digit of 62723933?
9
What is the millions digit of 348100259?
8
What is the thousands digit of 4111736625?
6
What is the millions digit of 77072998?
7
What is the hundreds digit of 107253859?
8
What is the millions digit of 198944513?
8
What is the millions digit of 96118384?
6
What is the hundred thousands digit of 1014753404?
7
What is the units digit of 608779283?
3
What is the ten millions digit of 2065491360?
6
What is the units digit of 653636025?
5
What is the hundreds digit of 511332927?
9
What is the millions digit of 163633024?
3
What is the hundreds digit of 98913214?
2
What is the ten millions digit of 220663129?
2
What is the hundreds digit of 6750106?
1
What is the thousands digit of 166457027?
7
What is the units digit of 499593703?
3
What is the thousands digit of 676819496?
9
What is the thousands digit of 3827449895?
9
What is the ten millions digit of 41549202?
4
What is the thousands digit of 103662556?
2
What is the hundreds digit of 2553007144?
1
What is the thousands digit of 85694281?
4
What is the hundred millions digit of 2209856636?
2
What is the tens digit of 190003600?
0
What is the thousands digit of 145604637?
4
What is the units digit of 3069574800?
0
What is the hundreds digit of 2798723776?
7
What is the hundreds digit of 228802929?
9
What is the hundreds digit of 51552953?
9
What is the millions digit of 38217431?
8
What is the units digit of 140261491?
1
What is the ten thousands digit of 261966703?
6
What is the billions digit of 3155240522?
3
What is the tens digit of 220354841?
4
What is the millions digit of 140267514?
0
What is the thousands digit of 62845639?
5
What is the hundreds digit of 24568621?
6
What is the ten thousands digit of 104829427?
2
